h.
13
Suppose -800 = -6*u + 1780. What are the prime factors of u?
2, 5, 43
Suppose -337 - 6903 = -10*f. List the prime factors of f.
2, 181
Let p = 6314 - 3981. List the prime factors of p.
2333
Suppose 6*x = 11*x - 1750. Suppose 0 = 23*h - 16*h - x. What are the prime factors of h?
2, 5
Let q(k) = -k**3 + 4*k**2 - 4*k + 1. Let t be q(3). Let c be 4 - 1 - (t + -5). Suppose l - c = -1. What are the prime factors of l?
3
Suppose 3*s = 2*s + 36. Let a = s - 31. Suppose -d + a*d - 292 = 0. What are the prime factors of d?
73
Let c be (-1)/(-3) + 3558/18. Let h be (-12)/8 + c/12. List the prime factors of (h/30)/((-2)/(-172)).
43
Suppose -2808 = -3*o + 2*t, 3*o - 2811 = 16*t - 13*t. List the prime factors of o.
2, 467
Suppose -38*x = -28*x - 2080. What are the prime factors of x?
2, 13
Let r = -14 - -24. Suppose 11*h - 138 = r*h. List the prime factors of h.
2, 3, 23
Let q(c) = 3*c**2 - 14*c + 33. List the prime factors of q(-10).
11, 43
Suppose -2055 = -12*c + 3957. List the prime factors of c.
3, 167
Suppose 0 = -3*d - 9, o - 28*d = -23*d + 1269. What are the prime factors of o?
2, 3, 11, 19
Let k(f) = -f**3 + f**2 + f + 1129. What are the prime factors of k(0)?
1129
Let m(g) = g**2 - 7*g - 12. Let k(a) = a - 1. Let i(n) = 6*k(n) + m(n). What are the prime factors of i(-7)?
2, 19
Let q(r) = -3*r - 2. Suppose 1 - 6 = -l. Let a = l - 11. What are the prime factors of q(a)?
2
Let b = 14 + -40. Suppose 7*s = 2*s - 85. Let m = s - b. List the prime factors of m.
3
Suppose -17*x + 2028 = -4*x. What are the prime factors of x?
2, 3, 13
Suppose 0 = k - 4*h - 14, -4*k + h = 2*h - 56. Suppose -3*t - 3 = 0, 2*t - 2 = 2*x - k. List the prime factors of x.
5
Let p(s) = s**3 - s**2 + s - 2. Let o be p(2). Suppose -50 = -5*b + o*b. What are the prime factors of b?
2, 5
Let p(d) = 97*d**2 - 9*d - 20. What are the prime factors of p(-5)?
2, 5, 7
Let v = 3704 + -1939. What are the prime factors of v?
5, 353
Let s(p) = p + 43. Let v be s(-9). Let j = 81 - v. What are the prime factors of j?
47
Let j(k) = 10*k - 3. List the prime factors of j(1).
7
Let b = -43 - -50. Let h(i) be the second derivative of -i**5/20 + 3*i**4/4 - 7*i**3/6 - 4*i**2 + 4*i. What are the prime factors of h(b)?
41
Let i be ((-16)/6)/((-2)/15). Let g(n) = -10*n + 19*n**2 + 3 + 3*n - 5*n - i*n**2. List the prime factors of g(-6).
3, 13
Let p be (-2)/(-1) + (-1 - -43). Let l = p + 6. List the prime factors of l.
2, 5
Suppose 8*h - 6*h + 1914 = f, f - 4*h - 1904 = 0. List the prime factors of f.
2, 13, 37
What are the prime factors of (-6)/(-18) - (141/(-9) - 2)?
2, 3
Suppose -5*j - 50 = -5*q, -q = -2*q - 2*j + 10. Let m be 1 + 1 + -1 - q. Let r = m + 28. List the prime factors of r.
19
Let f(j) = j**3 + j**2 - 3*j + 2. Let k be f(2). Let g(y) = 3*y - 15. Let d(i) = -2*i + 10. Let r(p) = k*d(p) + 5*g(p). What are the prime factors of r(-9)?
2, 7
Suppose 0*x - 2 = x - 4*g, 4*g - 38 = -5*x. Suppose -a + x*a = -380. What are the prime factors of (6/4)/((-6)/a)?
19
Let p(w) = -122*w**3 - 14*w - 18. List the prime factors of p(-2).
2, 17, 29
Let m(p) = 19*p**2 + 4*p + 3. Let s be m(-1). What are the prime factors of 8/(-12) - (-1236)/s?
2, 17
Let a = -649 - -1843. List the prime factors of a.
2, 3, 199
Suppose 4*z = -4*k - 4, -5*k + 4*z + 35 = -z. Suppose 4*x - 26 = 2*g, -2*x + 3*g + 4 = -3. Let h = x - k. List the prime factors of h.
5
Let y(a) = -11*a + 4. Let t(g) = 22*g - 9. Let n(h) = 2*t(h) + 5*y(h). What are the prime factors of n(-4)?
2, 23
Let c = 2225 + -1151. What are the prime factors of c?
2, 3, 179
Let v(i) = 96*i**2 + 2*i - 1. Suppose 0 = 6*n - 3*n + 3. What are the prime factors of v(n)?
3, 31
Suppose -16*q - 3132 = -10*q. List the prime factors of (55/(-10))/11*q.
3, 29
Let t(d) = 2*d**3 - 12*d**2 + 19*d - 12. List the prime factors of t(7).
3, 73
Let t = -855 + 1833. List the prime factors of t.
2, 3, 163
Let i = -6 - -9. Let q be -17*(i + (-2 - -1)). Let r = q + 52. What are the prime factors of r?
2, 3
Let r be -5 + 1/(3/45). Suppose -407 = -f - r*f. What are the prime factors of f?
37
Suppose -3 = -u - 2*u, -4*g - 4*u + 420 = 0. Let o = 219 - g. What are the prime factors of o?
5, 23
Let n(w) = 3*w**2 - 3*w - 2. Let i be n(-3). Suppose 2*m + 4*f = 40, 5*m + 5*f - i = 81. Let g = m - 7. List the prime factors of g.
19
Let c = -61 - -183. Let v = -62 + c. What are the prime factors of v?
2, 3, 5
Suppose 0 = -4*r + 6*r - 180. List the prime factors of (6 - r/12)/(6/(-184)).
2, 23
Suppose -n = 5*d - 652, -d - 18*n + 134 = -16*n. List the prime factors of d.
2, 5, 13
Let q(i) = -i**3 + 8*i**2 + 6*i - 58. Let g be q(8). Let y(h) = -15*h - 63. What are the prime factors of y(g)?
3, 29
Suppose -5*a + 13815 = 5*f, -26*f + 25*f + 4*a + 2748 = 0. List the prime factors of f.
2, 3, 5, 23
Let d = -53 + 74. Suppose 0 = l, -k - 9 = l + d. What are the prime factors of (k/9 - -3)*-42?
2, 7
Let s be 9/(-36) - 30/8. Let b = 12 - s. Suppose 0 = 3*a - 2 - b. What are the prime factors of a?
2, 3
Let l(d) = 35*d**2 - 6*d + 1. What are the prime factors of l(3)?
2, 149
Suppose 0 = 3*i + 23 + 103. What are the prime factors of (-7)/i + (-1162)/(-12)?
97
Let r be (-28)/16 - 1/4. Suppose 0*h + 45 = h. Let s = r + h. What are the prime factors of s?
43
What are the prime factors of ((-366)/(-9))/((-2)/(-129))?
43, 61
Suppose 0*c + 2*c = -42. Let l be ((-62)/(-4))/((-2)/(-4)). Let f = l + c. What are the prime factors of f?
2, 5
Suppose -p + 150 = -0*p. Suppose -26*l = -28*l + p. List the prime factors of l.
3, 5
Let h = -69 + 57. Let y(c) = 3*c**2 + 25*c - 5. List the prime factors of y(h).
127
Let s = -683 - -2477. List the prime factors of s.
2, 3, 13, 23
Suppose y = 4*a + 53, 5*a = 12 + 3. List the prime factors of y.
5, 13
Suppose s - 23 = -5*g, g = -5*s + 4*g + 199. Suppose 22 + 2 = -2*t. Let n = s + t. List the prime factors of n.
2, 13
Suppose 4*s - 29 - 35 = 0. Suppose 4*z - 5*z - 12 = 0. Let n = s + z. List the prime factors of n.
2
Suppose -75*u = -67*u - 50152. List the prime factors of u.
6269
Let m(n) = n**3 - 11*n**2 + 19*n + 1. Let u be m(8). Let a = u - -66. List the prime factors of a.
3
Let u(t) = t**2 - 7*t - 6. Let j be u(7). Let p = 6 + j. Suppose -i - 5 + 15 = p. What are the prime factors of i?
2, 5
Let x = 1276 + -335. List the prime factors of x.
941
Let i be 116/(-1) + (7 - 1) + -3. Let h = i - -206. What are the prime factors of h?
3, 31
List the prime factors of 3*(5 + (-1514)/(-6)).
2, 193
Let n(j) be the first derivative of 13*j**2/2 - 12*j - 9. List the prime factors of n(8).
2, 23
Let h(w) = 2*w**2 + 7*w - 9. Let i be h(4). Let x = i + -10. What are the prime factors of x?
41
Let x = -50 - 162. Let r = -22 - x. Suppose -4*v = v - r. What are the prime factors of v?
2, 19
Let b(f) = 2*f**2 + 2*f - 1. Let x be b(-2). Suppose -65 = -x*s + 3*n + 70, 4*n = 12. What are the prime factors of s?
2, 3
List the prime factors of (-3)/((-2 - (-108)/52)/(-7)).
3, 7, 13
Suppose i - 4*d + 16 = -2*i, -4*i = -5*d + 20. Suppose -6*r + 2*r + 176 = i. Suppose a - r = -a. What are the prime factors of a?
2, 11
Let v(z) = 2*z + 11. Let l be v(-4). Suppose -j - 24 = l*j - 3*p, 2*j + 22 = 4*p. What are the prime factors of -37*5/(-2 + j)?
37
Let f = -103 - -208. What are the prime factors of f?
3, 5, 7
Suppose 4247 - 1125 = 14*v. Suppose -4*k = 2*o - 894, -2*k = -o - 230 - v. What are the prime factors of k?
3, 5
Let g(l) = -5*l - l + l - 9. Let p(y) = 5*y + 8. Let o(i) = 5*g(i) + 6*p(i). List the prime factors of o(7).
2, 19
Let b = -29 - -29. Let l(h) = h**3 + 2*h**2 - 3*h + 126. List the prime factors of l(b).
2, 3, 7
Suppose 2*o = -0*o + 702. List the prime factors of o.
3, 13
Suppose 8*n = 1137 - 161. Suppose 2*k + 107 = f, -f - 3*k = -0*f - n. List the prime factors of f.
113
Let j(a) = -5 - 8*a + 12 - 12*a**2 + a**3 + 20*a. Suppose 0 = -12*t + 10*t + 22. What are the prime factors of j(t)?
2, 3
Let r = -631 + 3712. List the prime factors of r.
3, 13, 79
Suppose -9*j + 8*j - 6 = 0. Let c be (1554/(-8))/(j/16). Suppose -7*q + c = -0*q. List the prime factors of q.
2, 37
Let j be (-51)/(-3)*(3 - 4)*-1. What are the prime factors of 10*j/(-3)*-3?
2, 5, 17
Let k(y) = 9*y**2 - y - 1. Let i be k(-11). Suppose -4*q + 810 = -2*c, -5*c + 286 - i = -4*q. List the prime factors of q.
2, 101
Let x(